 divide 9316?
True
Is 377943 a multiple of 240?
False
Is 3 a factor of 1222989?
True
Is 374 a factor of 4588232?
True
Is 1742296 a multiple of 23?
True
Is 9407080 a multiple of 444?
False
Is 625612 a multiple of 106?
True
Is 235088 a multiple of 35?
False
Is 15 a factor of 7279155?
True
Does 4 divide 31407?
False
Is 185405 a multiple of 55?
True
Is 323 a factor of 5236476?
True
Is 13 a factor of 474781?
False
Does 301 divide 20167?
True
Is 16 a factor of 1389856?
True
Is 3630080 a multiple of 8?
True
Does 568 divide 796336?
True
Does 121 divide 18876?
True
Is 339 a factor of 121897?
False
Is 85 a factor of 2178176?
False
Is 778 a factor of 1149884?
True
Is 275 a factor of 1837550?
True
Does 982 divide 2481514?
True
Is 8 a factor of 253536?
True
Is 101 a factor of 840219?
True
Is 14 a factor of 103185?
False
Is 4967719 a multiple of 191?
True
Is 171969 a multiple of 15?
False
Is 8 a factor of 2040832?
True
Does 250 divide 89750?
True
Is 18832 a multiple of 16?
True
Is 50328 a multiple of 8?
True
Is 427434 a multiple of 6?
True
Is 12 a factor of 9383822?
False
Does 12 divide 157476?
True
Is 114 a factor of 2787480?
False
Does 45 divide 876015?
True
Is 195635 a multiple of 8?
False
Does 23 divide 54273?
False
Is 72384 a multiple of 12?
True
Does 14 divide 4021019?
False
Is 2453912 a multiple of 185?
False
Is 4054929 a multiple of 30?
False
Does 75 divide 258750?
True
Does 146 divide 107894?
True
Is 681618 a multiple of 210?
False
Is 9411384 a multiple of 76?
True
Is 43 a factor of 280271?
False
Does 38 divide 6452286?
True
Does 5 divide 1732022?
False
Does 63 divide 4560347?
False
Does 63 divide 15132?
False
Does 563 divide 1756560?
True
Is 40 a factor of 69960?
True
Is 374 a factor of 5743222?
False
Is 2933734 a multiple of 278?
True
Is 11 a factor of 2517997?
False
Does 16 divide 1143200?
True
Is 60 a factor of 14082220?
False
Is 121 a factor of 6396665?
True
Does 28 divide 187600?
True
Does 42 divide 18880?
False
Is 59 a factor of 9086?
True
Is 129884 a multiple of 38?
True
Does 44 divide 309848?
True
Is 745184 a multiple of 88?
True
Is 23946 a multiple of 26?
True
Is 3 a factor of 18906?
True
Does 2096 divide 1261792?
True
Is 1449 a factor of 5365553?
False
Is 33025 a multiple of 7?
False
Is 557 a factor of 89931?
False
Is 1910405 a multiple of 28?
False
Is 10 a factor of 615107?
False
Is 56 a factor of 3717289?
False
Is 24 a factor of 514963?
False
Is 117 a factor of 1892241?
True
Is 1642464 a multiple of 36?
True
Does 97 divide 524382?
True
Is 6010153 a multiple of 104?
False
Does 22 divide 338866?
True
Is 5573805 a multiple of 31?
False
Is 45532 a multiple of 4?
True
Is 4 a factor of 127978?
False
Does 14 divide 327124?
True
Is 10636940 a multiple of 240?
False
Is 771 a factor of 2754783?
True
Is 27270 a multiple of 1010?
True
Is 43920 a multiple of 549?
True
Is 122796 a multiple of 81?
True
Is 585 a factor of 1551439?
False
Does 27 divide 116532?
True
Is 201285 a multiple of 27?
True
Does 17 divide 6578711?
True
Is 1082 a factor of 1455290?
True
Is 5061798 a multiple of 882?
True
Is 8346720 a multiple of 20?
True
Does 5 divide 28430?
True
Does 20 divide 22952840?
True
Is 34 a factor of 301811?
False
Is 43 a factor of 5679464?
False
Is 1697632 a multiple of 16?
True
Does 10 divide 75990?
True
Is 180 a factor of 1743300?
True
Is 349431 a multiple of 8?
False
Is 77 a factor of 476245?
True
Is 3 a factor of 401175?
True
Is 194 a factor of 5863954?
False
Is 170 a factor of 2044420?
True
Is 241 a factor of 525139?
True
Is 9489 a multiple of 6?
False
Is 1305 a factor of 7040475?
True
Does 63 divide 562837?
False
Is 9900 a multiple of 30?
True
Is 174 a factor of 4538964?
True
Is 227699 a multiple of 44?
False
Does 37 divide 44259?
False
Is 1097194 a multiple of 218?
True
Is 1774477 a multiple of 18?
False
Is 138 a factor of 3491032?
False
Does 23 divide 90252?
True
Does 21 divide 5389506?
False
Is 4884693 a multiple of 2664?
False
Is 738500 a multiple of 1337?
False
Is 138215 a multiple of 11?
True
Is 46 a factor of 17919683?
False
Is 30 a factor of 23610?
True
Is 35 a factor of 807940?
True
Does 86 divide 3073914?
False
Is 3106665 a multiple of 10?
False
Is 195 a factor of 1209780?
True
Is 1857470 a multiple of 135?
False
Is 388275 a multiple of 155?
True
Is 586744 a multiple of 67?
False
Is 88015 a multiple of 9?
False
Is 63918 a multiple of 9?
True
Does 24 divide 122208?
True
Is 42 a factor of 1502635?
False
Is 44 a factor of 7141596?
True
Is 1419038 a multiple of 22?
False
Is 5059514 a multiple of 83?
True
Does 126 divide 1382346?
True
Does 36 divide 394964?
False
Does 85 divide 280585?
True
Is 435 a factor of 7706051?
False
Does 4 divide 2604?
True
Is 458474 a multiple of 6?
False
Does 6 divide 4828421?
False
Is 198 a factor of 48510?
True
Is 83 a factor of 1693532?
True
Is 24 a factor of 94925?
False
Does 7 divide 93576?
True
Is 15 a factor of 5328780?
True
Is 2745551 a multiple of 6?
False
Is 8 a factor of 12612861?
False
Is 22764956 a multiple of 79?
True
Is 291005 a multiple of 65?
True
Is 216 a factor of 466560?
True
Does 4 divide 50176?
True
Is 5 a factor of 180616?
False
Is 1047074 a multiple of 34?
False
Is 12 a factor of 633446?
False
Does 202 divide 1399860?
True
Is 82 a factor of 383432?
True
Does 11 divide 532147?
True
Is 758 a factor of 5676449?
False
Does 18 divide 2716799?
False
Is 98288 a multiple of 19?
False
Does 307 divide 3646999?
False
Is 58887 a multiple of 9?
True
Is 319936 a multiple of 16?
True
Is 107325 a multiple of 135?
True
Does 46 divide 165631?
False
Is 12621 a multiple of 21?
True
Does 1378 divide 1743170?
True
Does 8 divide 4011495?
False
Is 193 a factor of 654656?
True
Does 26 divide 2543299?
False
Is 3650035 a multiple of 542?
False
Does 299 divide 34665?
False
Is 685442 a multiple of 16?
False
Does 4 divide 5852323?
False
Is 50 a factor of 151565?
False
Does 10 divide 1890?
True
Does 38 divide 143146?
True
Is 8 a factor of 584272?
True
Is 107 a factor of 235953?
False
Is 17 a factor of 1613462?
False
Does 85 divide 9421?
False
Is 10 a factor of 16739?
False
Is 91 a factor of 4172072?
False
Does 314 divide 6626656?
True
Does 202 divide 9596621?
False
Is 147 a factor of 76440?
True
Does 623 divide 2333743?
False
Does 40 divide 256840?
True
Is 423280 a multiple of 40?
True
Is 65 a factor of 221124?
False
Does 15 divide 1656517?
False
Is 10 a factor of 6213680?
True
Does 355 divide 80585?
True
Is 42606 a multiple of 54?
True
Is 2751392 a multiple of 112?
True
Is 302976 a multiple of 48?
True
Is 20 a factor of 220147?
False
Is 4375492 a multiple of 44?
True
Is 31 a factor of 6502312?
True
Does 15 divide 7270026?
False
Does 17 divide 12645739?
True
Is 122918 a multiple of 84?
False
Is 1528 a factor of 12216841?
False
Is 564347 a multiple of 16?
False
Is 524 a factor of 3772950?
False
Is 34 a factor of 636645?
False
Is 4153872 a multiple of 693?
False
Is 653797 a multiple of 131?
False
Is 235115 a multiple of 30?
False
Does 23 divide 577281?
False
Is 11682363 a multiple of 44?
False
Does 7 divide 830468?
False
Is 466090 a multiple of 254?
True
Does 569 divide 40399?
True
Is 54 a factor of 1643031?
False
Is 12 a factor of 1412494?
False
Is 90 a factor of 251761?
False
Does 329 divide 2349389?
True
Is 28 a factor of 1203797?
False
Does 28 divide 3537828?
True
Is 9 a factor of 15190497?
True
Does 92 divide 806104?
True
Does 666 divide 472358?
False
Is 20 a factor of 1171461?
False
Is 3179201 a multiple of 17?
False
Is 791549 a multiple of 11?
True
Does 51 divide 7160910?
True
Does 59 divide 682158?
True
Is 3 a factor of 18223?
False
Does 5 divide 338748?
False
Is 27 a factor of 1999768?
False
Is 2035930 a multiple of 130?
True
Is 585200 a multiple of 100?
True
Does 2 divide 75111?
False
Is 1207823 a multiple of 15?
False
Does 10 divide 6702050?
True
Is 259794 a multiple of 18?
True
Is 23 a factor of 6223923?
False
Is 34 a factor of 30824?
False
Is 14 a factor of 2956500?
False
Is 7514892 a multiple of 693?
True
Is 31 a factor of 44724?
False
Does 90 divide 5111571?
False
Is 5 a factor of 6897?
False
Does 224 divide 25088?
True
Is 12 a factor of 27959?
False
Is 1164 a factor of 2248129?
False
Is 8 a factor of 41180?
False
Does 192 divide 22782336?
True
Is 166 a factor of 2614500?
True
Is 16830439 a multiple of 6